{"id":20668,"date":"2020-08-30T21:51:38","date_gmt":"2020-08-31T00:51:38","guid":{"rendered":"http:\/\/opa.ufrn.br\/?page_id=20668"},"modified":"2025-01-27T17:59:29","modified_gmt":"2025-01-27T20:59:29","slug":"sobre","status":"publish","type":"page","link":"https:\/\/opa.ufrn.br\/index.php\/sobre\/","title":{"rendered":"Sobre"},"content":{"rendered":"<h3><strong style=\"color: #000000; background-color: #b92118;\">Sobre<\/strong><\/h3>\n<h3>Um projeto de extens\u00e3o da UFRN<\/h3>\n<p dir=\"ltr\" style=\"line-height: 1.3800000000000001; text-align: justify; margin-top: 0pt; margin-bottom: 10pt;\">O Observat\u00f3rio do Audiovisual Potiguar \u00e9 um projeto de extens\u00e3o do Departamento de Comunica\u00e7\u00e3o Social da Universidade Federal do Rio Grande do Norte.<\/p>\n<p dir=\"ltr\" style=\"line-height: 1.3800000000000001; text-align: justify; margin-top: 0pt; margin-bottom: 10pt;\">Desenvolvido pelo EPA!, o Grupo de Pesquisa em Economia Pol\u00edtica do Audiovisual tem como prop\u00f3sito fornecer ao setor e \u00e0 sociedade ferramentas anal\u00edticas que auxiliem o desenvolvimento econ\u00f4mico, social e humano da regi\u00e3o a partir da an\u00e1lise de sua produ\u00e7\u00e3o audiovisual.<\/p>\n<p dir=\"ltr\" style=\"line-height: 1.3800000000000001; text-align: justify; margin-top: 0pt; margin-bottom: 10pt;\">A iniciativa articula os tr\u00eas eixos indissoci\u00e1veis da universidade: o ensino, a pesquisa e a extens\u00e3o. E se comunica com seu p\u00fablico atrav\u00e9s de uma plataforma interativa que re\u00fane os resultados da pesquisa \u201cMercado Audiovisual do Rio Grande do Norte\u201d desenvolvida entre agosto de 2019 a junho de 2020 e renovada de agosto de 2020 a junho de 2021. E da pesquisa \u201cA presen\u00e7a da dire\u00e7\u00e3o de arte no audiovisual potiguar: processos criativos e experi\u00eancia de produ\u00e7\u00e3o\u201d, desenvolvida desde 2023.<\/p>\n<p dir=\"ltr\" style=\"line-height: 1.3800000000000001; text-align: justify; margin-top: 0pt; margin-bottom: 10pt;\">O objetivo da pesquisa foi identificar, mapear e analisar os modelos de neg\u00f3cio do mercado local, com o prop\u00f3sito de tra\u00e7ar apontamentos sobre as rela\u00e7\u00f5es de poder, de g\u00eanero, de remunera\u00e7\u00e3o e de especializa\u00e7\u00e3o predominantes no arranjo produtivo local.<\/p>\n<p dir=\"ltr\" style=\"line-height: 1.3800000000000001; text-align: justify; margin-top: 0pt; margin-bottom: 10pt;\">Ao longo da realiza\u00e7\u00e3o da pesquisa e da cria\u00e7\u00e3o do nosso banco de dados, observou-se que a partir da atualiza\u00e7\u00e3o peri\u00f3dica das informa\u00e7\u00f5es coletadas e das an\u00e1lises desenvolvidas seria poss\u00edvel oferecer ao setor ferramentas interativas que o auxilie em seu desenvolvimento econ\u00f4mico, social e humano.<\/p>\n<p dir=\"ltr\" style=\"line-height: 1.3800000000000001; text-align: justify; margin-top: 0pt; margin-bottom: 10pt;\">Al\u00e9m do rigor cient\u00edfico que norteia a elabora\u00e7\u00e3o e a atualiza\u00e7\u00e3o de nossos instrumentos de an\u00e1lise, o Observat\u00f3rio alicer\u00e7a sua produ\u00e7\u00e3o no combate \u00e0s desigualdades e \u00e0 precariza\u00e7\u00e3o do profissional e da produ\u00e7\u00e3o audiovisual, bem como visa fomentar a articula\u00e7\u00e3o de pol\u00edticas p\u00fablicas e experi\u00eancias inovadoras que colaborem com a interioriza\u00e7\u00e3o da produ\u00e7\u00e3o, a preserva\u00e7\u00e3o da mem\u00f3ria e a amplia\u00e7\u00e3o do consumo de obras locais.<\/p>\n<p dir=\"ltr\" style=\"line-height: 1.3800000000000001; text-align: justify; margin-top: 0pt; margin-bottom: 10pt;\">Este portal est\u00e1 estruturado em tr\u00eas se\u00e7\u00f5es: An\u00e1lises, onde reunimos artigos, entrevistas e resenhas que se debru\u00e7am sobre diferentes aspectos do mercado e da produ\u00e7\u00e3o audiovisual do estado do Rio Grande do Norte; CinePoty, que \u00e9 uma plataforma colaborativa que re\u00fane dados sobre as produ\u00e7\u00f5es audiovisuais potiguares com o intuito de catalogar, difundir e preservar a mem\u00f3ria audiovisual, em parceria com a Cinemateca Potiguar\/IFRN; e Mapa, ferramenta interativa, onde \u00e9 poss\u00edvel consultar dados sobre as empresas produtoras do audiovisual no Rio Grande do Norte.<\/p>\n<p dir=\"ltr\" style=\"line-height: 1.3800000000000001; text-align: justify; margin-top: 0pt; margin-bottom: 10pt;\">Nossas produ\u00e7\u00f5es s\u00e3o licenciadas em Creative Commons e reverberar\u00e3o tamb\u00e9m na produ\u00e7\u00e3o e na publica\u00e7\u00e3o de relat\u00f3rios de pesquisa, de artigos cient\u00edficos, de trabalhos de conclus\u00e3o de curso, de disserta\u00e7\u00f5es, de teses e de livros. O Observat\u00f3rio tamb\u00e9m colabora para a forma\u00e7\u00e3o direta de estudantes de inicia\u00e7\u00e3o cient\u00edfica, capacitados para a coleta e an\u00e1lise de dados sobre as pol\u00edticas culturais e da comunica\u00e7\u00e3o, sobre gest\u00e3o e produ\u00e7\u00e3o executiva do audiovisual, bem como para o entendimento da economia pol\u00edtica do audiovisual no Brasil.<\/p>\n<p><a href=\"http:\/\/opa.ufrn.br\/wp-content\/uploads\/2020\/10\/Projeto_Observatorio-do-Audiovisual-Potiguar.pdf\" target=\"_blank\" rel=\"noopener\"><br \/>\n<img fetchpriority=\"high\" decoding=\"async\" class=\"\" src=\"https:\/\/opa.ufrn.br\/wp-content\/uploads\/2020\/08\/1-300x300.png\" sizes=\"(max-width: 300px) 100vw, 300px\" srcset=\"https:\/\/opa.ufrn.br\/wp-content\/uploads\/2020\/08\/1-300x300.png 300w, https:\/\/opa.ufrn.br\/wp-content\/uploads\/2020\/08\/1-1024x1024.png 1024w, https:\/\/opa.ufrn.br\/wp-content\/uploads\/2020\/08\/1-150x150.png 150w, https:\/\/opa.ufrn.br\/wp-content\/uploads\/2020\/08\/1-768x768.png 768w, https:\/\/opa.ufrn.br\/wp-content\/uploads\/2020\/08\/1-500x500.png 500w, https:\/\/opa.ufrn.br\/wp-content\/uploads\/2020\/08\/1-1000x1000.png 1000w, https:\/\/opa.ufrn.br\/wp-content\/uploads\/2020\/08\/1.png 1500w\" alt=\"\" width=\"267\" height=\"267\" \/> <\/a><img decoding=\"async\" class=\"\" src=\"https:\/\/opa.ufrn.br\/wp-content\/uploads\/2020\/08\/2-300x300.png\" sizes=\"(max-width: 300px) 100vw, 300px\" srcset=\"https:\/\/opa.ufrn.br\/wp-content\/uploads\/2020\/08\/2-300x300.png 300w, https:\/\/opa.ufrn.br\/wp-content\/uploads\/2020\/08\/2-1024x1024.png 1024w, https:\/\/opa.ufrn.br\/wp-content\/uploads\/2020\/08\/2-150x150.png 150w, https:\/\/opa.ufrn.br\/wp-content\/uploads\/2020\/08\/2-768x768.png 768w, https:\/\/opa.ufrn.br\/wp-content\/uploads\/2020\/08\/2-500x500.png 500w, https:\/\/opa.ufrn.br\/wp-content\/uploads\/2020\/08\/2-1000x1000.png 1000w, https:\/\/opa.ufrn.br\/wp-content\/uploads\/2020\/08\/2.png 1500w\" alt=\"\" width=\"266\" height=\"266\" \/> <img decoding=\"async\" class=\"\" src=\"https:\/\/opa.ufrn.br\/wp-content\/uploads\/2020\/08\/3-300x300.png\" sizes=\"(max-width: 300px) 100vw, 300px\" srcset=\"https:\/\/opa.ufrn.br\/wp-content\/uploads\/2020\/08\/3-300x300.png 300w, https:\/\/opa.ufrn.br\/wp-content\/uploads\/2020\/08\/3-1024x1024.png 1024w, https:\/\/opa.ufrn.br\/wp-content\/uploads\/2020\/08\/3-150x150.png 150w, https:\/\/opa.ufrn.br\/wp-content\/uploads\/2020\/08\/3-768x768.png 768w, https:\/\/opa.ufrn.br\/wp-content\/uploads\/2020\/08\/3-500x500.png 500w, https:\/\/opa.ufrn.br\/wp-content\/uploads\/2020\/08\/3-1000x1000.png 1000w, https:\/\/opa.ufrn.br\/wp-content\/uploads\/2020\/08\/3.png 1500w\" alt=\"\" width=\"266\" height=\"266\" \/><\/p>\n<p dir=\"ltr\" style=\"line-height: 1.3800000000000001; text-align: justify; margin-top: 0pt; margin-bottom: 10pt;\"><strong>Cr\u00e9ditos<\/strong><\/p>\n<p dir=\"ltr\" style=\"line-height: 1.3800000000000001; text-align: justify; margin-top: 0pt; margin-bottom: 10pt;\">Realiza\u00e7\u00e3o<\/p>\n<p dir=\"ltr\" style=\"line-height: 1.2; text-align: justify; margin-top: 0pt; margin-bottom: 0pt;\">UNIVERSIDADE FEDERAL DO RIO GRANDE DO NORTE<\/p>\n<p dir=\"ltr\" style=\"line-height: 1.2; text-align: justify; margin-top: 0pt; margin-bottom: 0pt;\">PR\u00d3-REITORIA DE PESQUISA<\/p>\n<p dir=\"ltr\" style=\"line-height: 1.2; text-align: justify; margin-top: 0pt; margin-bottom: 0pt;\">CENTRO DE CI\u00caNCIAS HUMANAS LETRAS E ARTES<\/p>\n<p dir=\"ltr\" style=\"line-height: 1.2; text-align: justify; margin-top: 0pt; margin-bottom: 0pt;\">DEPARTAMENTO DE COMUNICA\u00c7\u00c3O SOCIAL<\/p>\n<p dir=\"ltr\" style=\"line-height: 1.2; text-align: justify; margin-top: 0pt; margin-bottom: 0pt;\">CURSO DE COMUNICA\u00c7\u00c3O SOCIAL \u2013 AUDIOVISUAL<\/p>\n<p dir=\"ltr\" style=\"line-height: 1.2; text-align: justify; margin-top: 0pt; margin-bottom: 0pt;\">EPA! &#8211; GRUPO DE PESQUISA EM ECONOMIA POL\u00cdTICA DO AUDIOVISUAL<\/p>\n<p dir=\"ltr\">\n<p dir=\"ltr\" style=\"line-height: 1.2; text-align: justify; margin-top: 0pt; margin-bottom: 0pt;\">THERESA MEDEIROS<br \/>\nJANAINE AIRES<\/p>\n<p dir=\"ltr\" style=\"line-height: 1.2; text-align: justify; margin-top: 0pt; margin-bottom: 0pt;\">Coordenadoras<\/p>\n<p dir=\"ltr\">\n<p dir=\"ltr\" style=\"line-height: 1.2; text-align: justify; margin-top: 0pt; margin-bottom: 0pt;\">CEC\u00cdLIA NASCIMENTO MELO<br \/>\nDANA TEIXEIRA DE MELLO<br \/>\nIARA GABRIELE LIMA RAMEIRO<br \/>\nLAIS RALLINE DE LIMA SILVA<\/p>\n<p dir=\"ltr\" style=\"line-height: 1.2; text-align: justify; margin-top: 0pt; margin-bottom: 0pt;\">Equipe de Inicia\u00e7\u00e3o Cient\u00edfica e Extens\u00e3o do Observat\u00f3rio do Audiovisual Potiguar<\/p>\n<p dir=\"ltr\">\n<p dir=\"ltr\" style=\"line-height: 1.2; text-align: justify; margin-top: 0pt; margin-bottom: 0pt;\">CARLOS FELIPE DE OLIVEIRA SOUZA<br \/>\nGABRIELA OLIVAR DE OLIVEIRA<br \/>\nLE\u00d4NIDAS TEIXEIRA DE CARVALHO<br \/>\nLIVIA DE SOUZA MOTTA<br \/>\nMARIA LARISSA DENNYPHER DE MOURA<br \/>\nTHAMARA ROQUE DOS SANTOS SOUSA<\/p>\n<p dir=\"ltr\" style=\"line-height: 1.2; text-align: justify; margin-top: 0pt; margin-bottom: 0pt;\">Colaboradoras<\/p>\n<p dir=\"ltr\">\n<p dir=\"ltr\" style=\"line-height: 1.2; text-align: justify; margin-top: 0pt; margin-bottom: 0pt;\">SEBRAE\/RJ<\/p>\n<p dir=\"ltr\" style=\"line-height: 1.2; text-align: justify; margin-top: 0pt; margin-bottom: 0pt;\">CARLOS SEGUNDO<\/p>\n<p dir=\"ltr\" style=\"line-height: 1.2; text-align: justify; margin-top: 0pt; margin-bottom: 0pt;\">Consultoria<\/p>\n<p dir=\"ltr\">\n<p dir=\"ltr\" style=\"line-height: 1.2; text-align: justify; margin-top: 0pt; margin-bottom: 0pt;\">SETOR DE INFORMA\u00c7\u00c3O E REFER\u00caNCIA &#8211; BSE\/CCHLA\/UFRN<\/p>\n<p dir=\"ltr\" style=\"line-height: 1.2; text-align: justify; margin-top: 0pt; margin-bottom: 0pt;\">Fichas Catalogr\u00e1ficas<\/p>\n<p dir=\"ltr\">\n<p dir=\"ltr\" style=\"line-height: 1.2; text-align: justify; margin-top: 0pt; margin-bottom: 0pt;\">RIMA &#8211; EST\u00daDIO DE CRIA\u00c7\u00c3O<\/p>\n<p dir=\"ltr\" style=\"line-height: 1.2; text-align: justify; margin-top: 0pt; margin-bottom: 0pt;\">Identidade Visual<\/p>\n<p dir=\"ltr\">\n<p dir=\"ltr\" style=\"line-height: 1.2; text-align: justify; margin-top: 0pt; margin-bottom: 0pt;\">OUTSIDERS<\/p>\n<p dir=\"ltr\" style=\"line-height: 1.2; text-align: justify; margin-top: 0pt; margin-bottom: 0pt;\">Desenvolvedoras<\/p>\n<p dir=\"ltr\">\n<p dir=\"ltr\" style=\"line-height: 1.2; text-align: justify; margin-top: 0pt; margin-bottom: 0pt;\">Apoio<br \/>\nPR\u00d3-REITORIA DE PESQUISA \u2013 UFRN<br \/>\nPR\u00d3-REITORIA DE EXTENS\u00c3O &#8211; UFRN<\/p>\n<p dir=\"ltr\" style=\"line-height: 1.2; text-align: justify; margin-top: 0pt; margin-bottom: 0pt;\">EDITAL N\u00ba 010\/2023-UFRN\/PROEX &#8211; APOIO A PROJETOS DE EXTENS\u00c3O NA \u00c1REA DE INOVA\u00c7\u00c3O SOCIAL E\/OU TECNOLOGIAS SOCIAIS E DESENVOLVIMENTO DA ECONOMIA SOLID\u00c1RIA<br \/>\nEDITAL N\u00b0 01\/2023 &#8211; INICIA\u00c7\u00c3O CIENT\u00cdFICA<br \/>\nEDITAL NO 010\/2022-UFRN\/PROEX &#8211; APOIO A PROJETOS DE EXTENS\u00c3O (NOVAS PROPOSTAS OU RENOVA\u00c7\u00c3O PARA 2023)<br \/>\nEDITAL N\u00ba 007\/2022-UFRN\/PROEX (SELE\u00c7\u00c3O P\u00daBLICA PARA APOIO A PROJETOS DE EXTENS\u00c3O &#8211; NOVAS PROPOSTAS E RENOVA\u00c7\u00c3O PARA 2022)<br \/>\nEDITAL N\u00ba 004\/2020-PROEX\/UFRN &#8211; SELE\u00c7\u00c3O P\u00daBLICA PARA APOIO A PROJETOS DE EXTENS\u00c3O (NOVOS PROJETOS E RENOVA\u00c7\u00c3O PARA 2021)<br \/>\nEDITAL N\u00ba 05\/2020 \u2013 EDITAL DE INICIA\u00c7\u00c3O CIENT\u00cdFICA E TECNOL\u00d3GICA DA UFRN<br \/>\nEDITAL N\u00ba 01\/2019 \u2013 EDITAL DE BOLSAS DE INICIA\u00c7\u00c3O CIENT\u00cdFICA E TECNOL\u00d3GICA DA UFRN<\/p>\n<p>#AquitemPropesqUFRN\u00a0 #AquitemCNPq #AquitemMCTIC @UFRN @CNPq @MCTIC<\/p>\n<p><strong>Parcerias<\/strong><\/p>\n<p>ALINE LUCENA<br \/>\nAmaru \u2013 Observat\u00f3rio Latino Americano de Comunica\u00e7\u00e3o, M\u00eddia e Direitos Humanos &#8211; UFRN<\/p>\n<p>ARTHUR FELIPE DE OLIVEIRA FIEL<br \/>\nObservat\u00f3rio do Cinema e Audiovisual Capixaba (OCAC)\/UFES<\/p>\n<p>DIRETORIA DE FORMA\u00c7\u00c3O E INOVA\u00c7\u00c3O AUDIOVISUAL<br \/>\nSecretaria do Audiovisual \u2013 SAV MinC<\/p>\n<p>MARCELA COSTA<br \/>\nOBTEP &#8211; Observat\u00f3rio de Tend\u00eancias Publicit\u00e1rias \u2013 UFRN<\/p>\n<p>MARYLAND BRITO<br \/>\nPAULO MUNIZ<br \/>\nRAFAELA BERNADAZZI<br \/>\nVANESSA TRIGUEIRO<br \/>\nCinemateca Potiguar \u2013 IFRN<\/p>\n<p>LIVIA CIRNE<br \/>\nCONNAU \u2013 Grupo de Estudos em Converg\u00eancia e Narrativas Audiovisuais<\/p>\n<p>SUZY DOS SANTOS<br \/>\nGrupo de Pesquisa em Pol\u00edticas e Economia da Informa\u00e7\u00e3o e da Comunica\u00e7\u00e3o \u2013 PEIC\/UFRJ<\/p>\n<p>VIRG\u00cdNIA DE OLIVEIRA SILVA<br \/>\nProjeto Cinest\u00e9sico \u2013 Cinema e Educa\u00e7\u00e3o \u2013 Departamento de Habilita\u00e7\u00f5es Pedag\u00f3gicas\/UFPB<\/p>\n<p dir=\"ltr\" style=\"line-height: 1.2; text-align: justify; margin-top: 0pt; margin-bottom: 0pt;\"><strong>Dedicat\u00f3ria<\/strong><\/p>\n<p dir=\"ltr\" style=\"line-height: 1.2; text-align: justify; margin-top: 0pt; margin-bottom: 0pt;\">Aos discentes do curso de Comunica\u00e7\u00e3o Social \u2013 Audiovisual e aos realizadores do audiovisual potiguar, que sabem que para produzir audiovisual no Brasil \u00e9 preciso um pouco de loucura.<\/p>\n<p dir=\"ltr\">\n<p dir=\"ltr\" style=\"line-height: 1.2; text-align: justify; margin-top: 0pt; margin-bottom: 0pt;\"><strong>Agradecimentos<\/strong><\/p>\n<p dir=\"ltr\" style=\"line-height: 1.2; text-align: justify; margin-top: 0pt; margin-bottom: 0pt;\">\u00c0 Suzy dos Santos, do Grupo de Pesquisa em Pol\u00edticas e Economia da Informa\u00e7\u00e3o e da Comunica\u00e7\u00e3o, pelo apoio, pelos ensinamentos e pela parceria para o desenvolvimento deste e de tantos projetos. \u00c0 Virginia de Oliveira Silva, do Projeto Cinest\u00e9sico, pelo incentivo, pelo apoio e por tantos ensinamentos presentes no dia-a-dia da doc\u00eancia e neste trabalho. \u00c0 Juciano Lacerda e Maria Angela Pavan pela acolhida do Projeto de Pesquisa e pela generosidade no Pragma\/UFRN.\u00a0 \u00c0 L\u00edvia Cirne e Marcela Costa, o Brasil que faz com amor e coragem. \u00c0s desenvolvedoras Talita Santos, Vin\u00f3lia Serejo e Maria Rita Casagrande pela materializa\u00e7\u00e3o digital de nosso projeto com sensibilidade e compet\u00eancia. \u00c0 Laura Dias e equipe Sinfo por viabilizar o acolhimento do site no servidor da institui\u00e7\u00e3o. Aos docentes do curso de Comunica\u00e7\u00e3o Social \u2013 Audiovisual Aline Lucena, Carlos Antonio Segundo, Rodrigo Almeida e H\u00e9lcio Pacheco pela parceria de todos os dias. Aos docentes do Departamento de Comunica\u00e7\u00e3o Social. Aos t\u00e9cnicos e terceirizados do Departamento de Comunica\u00e7\u00e3o Social e de toda a UFRN que diariamente permitem que a Universidade resista p\u00fablica, gratuita e de qualidade.<\/p>\n<p dir=\"ltr\">\n<p dir=\"ltr\" style=\"line-height: 1.2; text-align: justify; margin-top: 0pt; margin-bottom: 0pt;\"><strong>Como citar<\/strong><\/p>\n<p dir=\"ltr\" style=\"line-height: 1.2; text-align: justify; margin-top: 0pt; margin-bottom: 0pt;\">AIRES, Janaine; ALMEIDA, Juliana; DANTAS, Carla; FERNANDES, Eduardo; RIBEIRO, Igor; RODRIGUES, Alexsandro; SOUZA, Rebeca. Portal &#8211; Observat\u00f3rio do Audiovisual Potiguar, 2020. P\u00e1gina Inicial.<\/p>\n<p dir=\"ltr\">\n<p dir=\"ltr\" style=\"line-height: 1.2; text-align: justify; margin-top: 0pt; margin-bottom: 0pt;\"><strong>Licen\u00e7a<\/strong><\/p>\n<p dir=\"ltr\" style=\"line-height: 1.2; margin-top: 0pt; margin-bottom: 0pt;\"><a href=\"https:\/\/creativecommons.org\/licenses\/by-nc\/4.0\/\" target=\"_blank\" rel=\"noopener\"><img loading=\"lazy\" decoding=\"async\" style=\"margin-left: 0px; margin-top: 0px;\" src=\"https:\/\/lh6.googleusercontent.com\/cP7B4SdZG7xYl8SvXawbHYvu2ofyqOhPCddgqilJdEw_zfoJfOYBXnUn_nOqbfIkceZBFoE8qvxfsHIq45vlpgjXvza0OOrNeyNEGm6c-O98doH9Q7i7HcaV3jMGvigdZ1MYO1E\" alt=\"https:\/\/economiapoliticadoaudiovisual.files.wordpress.com\/2020\/05\/by-nc-2.png?w=403\" width=\"85\" height=\"30\" \/><\/a><\/p>\n<p dir=\"ltr\" style=\"line-height: 1.2; margin-top: 0pt; margin-bottom: 0pt;\"><a style=\"text-decoration: none;\" href=\"http:\/\/creativecommons.org\/licenses\/by-nc\/4.0\/\" target=\"_blank\" rel=\"noopener\">Este trabalho est\u00e1 licenciado sob uma Licen\u00e7a Creative Commons Atribui\u00e7\u00e3o-N\u00e3oComercial 4.0 Internacional.<\/a><\/p>\n","protected":false},"excerpt":{"rendered":"<p>Sobre Um projeto de extens\u00e3o da UFRN O Observat\u00f3rio do Audiovisual Potiguar \u00e9 um projeto de extens\u00e3o do&#8230;<\/p>\n","protected":false},"author":1,"featured_media":0,"parent":0,"menu_order":20,"comment_status":"closed","ping_status":"closed","template":"","meta":{"_acf_changed":false,"footnotes":""},"class_list":["post-20668","page","type-page","status-publish","hentry"],"acf":[],"blog_post_layout_featured_media_urls":{"thumbnail":"","full":""},"categories_names":null,"comments_number":"0","_links":{"self":[{"href":"https:\/\/opa.ufrn.br\/index.php\/wp-json\/wp\/v2\/pages\/20668","targetHints":{"allow":["GET"]}}],"collection":[{"href":"https:\/\/opa.ufrn.br\/index.php\/wp-json\/wp\/v2\/pages"}],"about":[{"href":"https:\/\/opa.ufrn.br\/index.php\/wp-json\/wp\/v2\/types\/page"}],"author":[{"embeddable":true,"href":"https:\/\/opa.ufrn.br\/index.php\/wp-json\/wp\/v2\/users\/1"}],"replies":[{"embeddable":true,"href":"https:\/\/opa.ufrn.br\/index.php\/wp-json\/wp\/v2\/comments?post=20668"}],"version-history":[{"count":77,"href":"https:\/\/opa.ufrn.br\/index.php\/wp-json\/wp\/v2\/pages\/20668\/revisions"}],"predecessor-version":[{"id":21962,"href":"https:\/\/opa.ufrn.br\/index.php\/wp-json\/wp\/v2\/pages\/20668\/revisions\/21962"}],"wp:attachment":[{"href":"https:\/\/opa.ufrn.br\/index.php\/wp-json\/wp\/v2\/media?parent=20668"}],"curies":[{"name":"wp","href":"https:\/\/api.w.org\/{rel}","templated":true}]}}